5. Give s(-5).
-405
Let q(k) = 21*k**3 + 3464*k**2 - 171*k - 811. Give q(-165).
179
Let r(f) = -f**3 + 15*f**2 - 11*f - 379. What is r(9)?
8
Let w(g) = -5*g**3 - 168*g**2 + 220*g - 915. Give w(-35).
-40
Let j(t) = -220*t**2 + 7315*t - 41448. Determine j(26).
22
Let l(q) = -q**3 - 80*q**2 - 211*q - 10498. Determine l(-79).
-70
Let y(i) = -i**2 - 2543*i + 180236. What is y(69)?
8
Let s(g) = -2546*g - 96751. Calculate s(-38).
-3
Let f(d) = -109509*d - 547599. Calculate f(-5).
-54
Let b(k) = -22239*k + 66713. Calculate b(3).
-4
Let b(i) = -2710*i**2 + 2693*i + 1. Give b(1).
-16
Let f(m) = -2834*m + 371203. Give f(131).
-51
Let m(w) = 4*w**2 - 979*w - 2271. Determine m(248).
953
Let j(o) = -28203*o + 507959. Determine j(18).
305
Let b(s) = 2187*s - 1528727. Calculate b(699).
-14
Let x(l) = -12*l**2 - 302*l - 582. What is x(-2)?
-26
Let g(c) = -c**3 + 1228*c**2 + 981*c + 304783. Give g(1229).
-9
Let j(b) = -b**3 + 1273*b**2 - 8923*b + 77226. Give j(1266).
0
Let z(j) = 7*j**2 + 7407*j + 23220. Give z(-1055).
10
Let f(i) = -4*i**2 + 444820*i - 4892537. What is f(11)?
-1
Let u(k) = 1062*k - 11696. What is u(11)?
-14
Let h(p) = 515*p**3 + 30*p**2 + 91*p + 9. Calculate h(-2).
-4173
Let c(j) = -5*j**2 - 1581*j + 47813. What is c(-344)?
-3
Let m(g) = -34031*g + 13204038. Determine m(388).
10
Let o(v) = -v**2 - 15863*v + 39434875. Calculate o(2185).
-5
Let g(j) = 74896*j - 2097079. Calculate g(28).
9
Let h(m) = -2*m**3 - 2837*m**2 - 25363*m + 106. Determine h(-9).
34
Let a(u) = -14*u**2 + 843*u - 6470. Determine a(10).
560
Let r(l) = -7*l**3 + 1365*l**2 - 1365*l + 1350. Give r(194).
-8
Let r(n) = -n**2 - 13492*n - 350118. What is r(-26)?
-2
Let d(l) = -3*l**3 + 6*l**2 + 69*l - 15. Determine d(8).
-615
Let v(z) = 344*z**2 + 17542*z + 128. Calculate v(-51).
230
Let u(y) = 160*y**2 - 2436*y - 2437. What is u(-1)?
159
Let r(p) = p**3 + 2*p**2 - 140*p - 82. Give r(0).
-82
Let d(k) = -2*k**2 - 7428*k + 1467082. What is d(188)?
-70
Let t(h) = -531*h - 20200. Calculate t(-38).
-22
Let b(t) = -100*t - 3815. Calculate b(-50).
1185
Let x(s) = -21955*s - 922073. What is x(-42)?
37
Let w(y) = -4*y**2 + 120*y + 90193. What is w(-136)?
-111
Let g(m) = -2*m**2 + 20865*m - 125155. What is g(6)?
-37
Let g(b) = b**3 - 27*b**2 - 2172*b - 107. Determine g(-35).
-37
Let n(q) = 4*q**3 - 18*q**2 - 111*q + 441. What is n(6)?
-9
Let p(h) = h**3 + 56*h**2 + 669*h + 479. What is p(-16)?
15
Let p(s) = -s**2 - 59*s + 312. Determine p(7).
-150
Let l(i) = i**3 - 494*i**2 + 4077*i - 1505. Determine l(8).
7
Let j(f) = -77912*f + 233725. What is j(3)?
-11
Let i(f) = 3*f**3 + 6*f**2 + 43*f - 17. Determine i(-5).
-457
Let w(g) = -5*g**3 + 156*g**2 - 15*g - 164. Give w(31).
332
Let r(f) = -2*f**2 - 352*f - 15493. Determine r(-83).
-55
Let j(m) = -m**3 - 78*m**2 - 1334*m - 2076. What is j(-54)?
-24
Let i(b) = 909*b - 7870. What is i(10)?
1220
Let v(i) = 75*i**2 + 507*i + 11. What is v(-4)?
-817
Let s(u) = -u**2 + 158*u + 12660. Determine s(217).
-143
Let t(l) = 1698*l + 47264. Give t(-28).
-280
Let t(s) = 28*s**2 + 28*s + 750. What is t(-6)?
1590
Let v(u) = -13131*u**2 + 183796*u + 526. Give v(14).
-6
Let h(z) = -305*z - 183581. What is h(-602)?
29
Let x(d) = 22*d**2 + 109*d - 146. Give x(-7).
169
Let r(z) = 8*z**2 - 495*z + 2735. What is r(6)?
53
Let u(o) = -2*o**2 + 33*o - 214. What is u(8)?
-78
Let a(l) = 6*l**3 + l**2 - 22682*l + 22682. Determine a(1).
7
Let f(t) = -5351*t - 711550. Calculate f(-133).
133
Let f(d) = -4*d**2 + 7552*d + 1417280. Determine f(-172).
0
Let g(s) = 508039*s - 1016079. What is g(2)?
-1
Let t(w) = w**3 + 160*w**2 - 3111*w + 1780. Give t(17).
46
Let k(d) = -8*d**3 - 10*d**2 + 71*d + 153. What is k(-2)?
35
Let a(x) = -2258*x - 406433. Determine a(-180).
7
Let h(l) = 4*l**3 + 1397*l**2 + 1738*l - 914. Determine h(-348).
-218
Let n(a) = 45*a**2 - 4674*a + 26416. Give n(6).
-8
Let q(w) = -w**2 + 355*w - 28545. What is q(233)?
-119
Let q(b) = b**3 + 40*b**2 + 15*b + 237. Calculate q(-40).
-363
Let f(h) = 1564*h**2 + 10054*h + 4023. What is f(-6)?
3
Let f(d) = -2021*d + 814506. Calculate f(403).
43
Let t(y) = 14*y - 1592. Calculate t(19).
-1326
Let b(f) = 3*f**2 + 4808*f + 299839. Determine b(-65).
-6
Let r(s) = 1805*s**3 - 424*s + 425. Give r(1).
1806
Let c(t) = -t**3 - 2*t**2 + 126*t + 1027. Determine c(13).
130
Let j(a) = -a**2 + 156*a - 5013. Give j(40).
-373
Let h(i) = -2*i**2 + 6596*i + 226548. Determine h(-34).
-28
Let s(l) = 4*l**2 + 232*l + 2914. What is s(-15)?
334
Let y(u) = -u**3 + 14*u**2 - 779*u + 14434. Determine y(17).
324
Let n(s) = 16*s**3 + 3*s**2 + 2682*s - 5370. Determine n(2).
134
Let r(y) = 10359*y - 51773. Give r(5).
22
Let l(i) = -i**3 - 1702*i**2 - 189753*i + 137636. Determine l(-1582).
2
Let h(v) = v**3 - 2566*v + 22350. Give h(9).
-15
Let u(a) = -1874*a - 88250. Calculate u(-49).
3576
Let r(h) = 981239*h + 3924955. What is r(-4)?
-1
Let j(h) = -958*h + 12985. Calculate j(13).
531
Let r(v) = v**3 - 237*v**2 + 49*v - 11653. Determine r(237).
-40
Let a(m) = 6126426*m - 36758551. What is a(6)?
5
Let o(f) = -1627*f + 118768. Calculate o(73).
-3
Let y(l) = 8*l**3 + 50*l**2 + 104*l + 101. Calculate y(-2).
29
Let x(b) = 129*b**2 + 2381*b + 1087. Determine x(-18).
25
Let n(w) = -36322*w - 1343912. What is n(-37)?
2
Let s(y) = -2*y**2 - 56*y + 17662. Give s(-109).
4
Let z(k) = 60*k**2 + 267*k + 6. Give z(-8).
1710
Let c(g) = -9636*g - 27719. Give c(-3).
1189
Let v(u) = 8268*u - 438192. Calculate v(53).
12
Let n(v) = v**3 + 21*v**2 - 3299*v + 913. Determine n(-69).
16
Let n(a) = -202086*a + 2425011. Give n(12).
-21
Let h(i) = -11*i**2 + 205*i - 617. Give h(3).
-101
Let a(p) = 28*p**2 + 4287*p - 17114. Give a(-157).
-1
Let s(l) = 8*l**2 - 420*l - 35. Determine s(52).
-243
Let l(t) = -3*t**2 - 250*t - 5003. Calculate l(-55).
-328
Let l(a) = -18*a**2 + 5*a + 9649. Calculate l(-23).
12
Let u(q) = -3*q**3 - 31*q**2 + 151*q + 1666. What is u(-9)?
-17
Let a(o) = -o**3 + 116*o**2 - 2435*o - 814. Determine a(28).
-2
Let r(t) = 109432*t - 2626371. Determine r(24).
-3
Let w(q) = 1522*q + 26. Determine w(1).
1548
Let u(h) = -h**2 - 270*h - 17981. Calculate u(-135).
244
Let k(j) = -2*j**3 - 142*j**2 + 1248*j - 1246. What is k(-79)?
18
Let u(g) = -49014*g - 196087. What is u(-4)?
-31
Let a(l) = 1084*l**2 - l + 18. Determine a(0).
18
Let q(j) = 9853*j + 275882. What is q(-28)?
-2
Let y(h) = -8*h**2 + 301*h - 2129. Give y(20).
691
Let n(o) = -12*o**2 + 81*o + 2282. Give n(-11).
-61
Let b(j) = -255*j - 24827. Determine b(-91).
-1622
Let r(y) = y**3 - 72*y**2 + 901*y + 69. Calculate r(56).
349
Let m(w) = w**3 + 128*w**2 - 126*w + 644. What is m(-129)?
257
Let f(l) = -3*l**2 - 44*l + 1834. Calculate f(19).
-85
Let h(y) = y**3 - 112*y**2 + 1047*y + 8173. Give h(-5).
13
Let y(k) = -7*k**2 + 301*k + 76. What is y(47)?
-1240
Let y(b) = 17826*b + 445720. Determine y(-25).
70
Let d(f) = -2*f**3 + 240*f**2 - 1028*f - 14044. Determine d(115).
-14
Let o(x) = 4*x**2 - 216*x + 2508. Calculate o(17).
-8
Let g(w) = 6*w**2 + 144*w - 5159. What is g(26)?
2641
Let v(g) = -g**3 + 130*g**2 - 553*g + 529. Determine v(3).
13
Let m(k) = 3723*k + 89340. What is m(-24)?
-12
Let i(n) = -n**2 + 480*n - 3861. What is i(8)?
-85
Let m(a) = -1408*a + 3302. Determine m(4).
-2330
Let k(w) = -8453*w + 371824. Give k(44).
-108
Let k(p) = 996302*p + 38855777. Determine k(-39).
-1
Let q(h) = -7*h**3 - 5*h**2 - 237*h - 1436. Calculate q(-6).
1318
Let k(g) = 5994*g - 204307. Determine k(34).
-511
Let g(r) = -61*r**2 + 1775*r + 126. Calculate g(29).
300
Let h(r) = 2446*r + 31646. Calculate h(-13).
-152
Let k(u) = -2*u**3 - 21*u**2 - 70*u - 665. What is k(-12)?
607
Let i(l) = -2*l**3 - 21*l**2 - 49*l + 5. Give i(-7).
5
Let i(z) = 10390*z + 44875. Calculate i(-4).
3315
Let i(s) = 5*s**2 - 7*s - 257. Calculate i(0).
-257
Let t(b) = 27484*b + 192374. Determine t(-7).
-14
Let b(a) = -346*a**2 - 76*a + 356. Determine b(3).
-2986
Let s(f) = 8358*f - 108659. Calculate s(13).
-5
Let t(i) = -170*i**2 - 3410*i - 380. What is t(-20)?
-180
Let z(m) = 511*m - 2127. Calculate z(4).
-83
Let n(m) = -2*m**3 + 1615*m**2 - 65744*m - 67. Give n(43).
62
Let a(h) = -7*h**3 + 6505*h**2 + 11171*h + 856. What is a(931)?
-75
Let c(q) = -2*q**3 - 15*q**2 - 1525*q + 6129. Determine c(4).
-339
Let t(r) = -14803*r + 192414. What is t(13)?